{"id":4948,"date":"2025-08-29T08:55:56","date_gmt":"2025-08-29T06:55:56","guid":{"rendered":"https:\/\/cict-ci.com\/rhythmv3?page_id=4948"},"modified":"2025-09-03T09:21:15","modified_gmt":"2025-09-03T07:21:15","slug":"faq","status":"publish","type":"page","link":"https:\/\/cict-ci.com\/rhythmv3\/faq\/","title":{"rendered":"F.A.Q"},"content":{"rendered":"<div class=\"wpb-content-wrapper\"><div class=\"vc_row wpb_row vc_row-fluid wpb_animate_when_almost_visible wpb_fadeInUpShort fadeInUpShort vc_row-o-equal-height vc_row-o-content-middle vc_row-flex\"><div class=\"align-center wpb_column vc_column_container vc_col-sm-12\"><div class=\"vc_column-inner\"><div class=\"wpb_wrapper\"><div class=\"ult-spacer spacer-69dbe59e1725e\" data-id=\"69dbe59e1725e\" data-height=\"50\" data-height-mobile=\"25\" data-height-tab=\"\" data-height-tab-portrait=\"40\" data-height-mobile-landscape=\"25\" style=\"clear:both;display:block;\"><\/div><h2 style=\"text-align: center\" class=\"vc_custom_heading vc_do_custom_heading wpb_animate_when_almost_visible wpb_fadeIn fadeIn\" >Foire Aux Questions<\/h2><div class=\"ult-spacer spacer-69dbe59e17432\" data-id=\"69dbe59e17432\" data-height=\"50\" data-height-mobile=\"25\" data-height-tab=\"\" data-height-tab-portrait=\"40\" data-height-mobile-landscape=\"25\" style=\"clear:both;display:block;\"><\/div><\/div><\/div><\/div><\/div><div class=\"vc_row wpb_row vc_row-fluid wide-ipad wpb_animate_when_almost_visible wpb_fadeInUpShort fadeInUpShort\"><div class=\"wpb_column vc_column_container vc_col-sm-2\"><div class=\"vc_column-inner\"><div class=\"wpb_wrapper\"><\/div><\/div><\/div><div class=\"wpb_column vc_column_container vc_col-sm-8\"><div class=\"vc_column-inner\"><div class=\"wpb_wrapper\"><div class=\"vc_tta-container\" data-vc-action=\"collapse\"><div class=\"vc_general vc_tta vc_tta-accordion vc_tta-color-black vc_tta-style-classic vc_tta-shape-rounded vc_tta-o-shape-group vc_tta-controls-align-default\"><div class=\"vc_tta-panels-container\"><div class=\"vc_tta-panels\"><div class=\"vc_tta-panel vc_active\" id=\"01-discussion78c9-1fb27bd2-fc28\" data-vc-content=\".vc_tta-panel-body\"><div class=\"vc_tta-panel-heading\"><h4 class=\"vc_tta-panel-title vc_tta-controls-icon-position-left\"><a href=\"#01-discussion78c9-1fb27bd2-fc28\" data-vc-accordion data-vc-container=\".vc_tta-container\"><span class=\"vc_tta-title-text\">Combien de filiales compte le groupe ?<\/span><i class=\"vc_tta-controls-icon vc_tta-controls-icon-plus\"><\/i><\/a><\/h4><\/div><div class=\"vc_tta-panel-body\"><p style=\"color: #111111;text-align: left\" class=\"vc_custom_heading vc_do_custom_heading\" >Le groupe compte actuellement 6 filiales actives : Mayelia Automotive, Mayelia Automotive Guin\u00e9e, Mayelia Academy, SCI Mayelia, CIERIA et SICTA. Certaines sont op\u00e9rationnelles depuis plusieurs ann\u00e9es, d'autres sont en cours de d\u00e9veloppement.<\/p><\/div><\/div><div class=\"vc_tta-panel\" id=\"1678106200899-226933d9-41237bd2-fc28\" data-vc-content=\".vc_tta-panel-body\"><div class=\"vc_tta-panel-heading\"><h4 class=\"vc_tta-panel-title vc_tta-controls-icon-position-left\"><a href=\"#1678106200899-226933d9-41237bd2-fc28\" data-vc-accordion data-vc-container=\".vc_tta-container\"><span class=\"vc_tta-title-text\">Comment puis-je contacter une filiale sp\u00e9cifique ?<\/span><i class=\"vc_tta-controls-icon vc_tta-controls-icon-plus\"><\/i><\/a><\/h4><\/div><div class=\"vc_tta-panel-body\"><p style=\"color: #111111;text-align: left\" class=\"vc_custom_heading vc_do_custom_heading\" >Chaque filiale dispose de ses propres coordonn\u00e9es. Vous pouvez les retrouver sur notre page 'Nos Filiales' ou nous contacter directement pour \u00eatre mis en relation avec la filiale concern\u00e9e.<\/p><\/div><\/div><div class=\"vc_tta-panel\" id=\"1678106199391-12a2e846-0cfb7bd2-fc28\" data-vc-content=\".vc_tta-panel-body\"><div class=\"vc_tta-panel-heading\"><h4 class=\"vc_tta-panel-title vc_tta-controls-icon-position-left\"><a href=\"#1678106199391-12a2e846-0cfb7bd2-fc28\" data-vc-accordion data-vc-container=\".vc_tta-container\"><span class=\"vc_tta-title-text\">Les filiales proposent-elles des services dans tous les pays ?<\/span><i class=\"vc_tta-controls-icon vc_tta-controls-icon-plus\"><\/i><\/a><\/h4><\/div><div class=\"vc_tta-panel-body\"><p style=\"color: #111111;text-align: left\" class=\"vc_custom_heading vc_do_custom_heading\" >Non, chaque filiale a son propre r\u00e9seau de distribution selon ses activit\u00e9s. Mayelia Automotive est pr\u00e9sente dans 3 pays, SICTA dans 4 pays, tandis que d'autres filiales sont en cours d'expansion r\u00e9gionale.<\/p><\/div><\/div><div class=\"vc_tta-panel\" id=\"1678106199136-a9425bb8-cc887bd2-fc28\" data-vc-content=\".vc_tta-panel-body\"><div class=\"vc_tta-panel-heading\"><h4 class=\"vc_tta-panel-title vc_tta-controls-icon-position-left\"><a href=\"#1678106199136-a9425bb8-cc887bd2-fc28\" data-vc-accordion data-vc-container=\".vc_tta-container\"><span class=\"vc_tta-title-text\">Comment postuler pour un emploi dans le groupe ?<\/span><i class=\"vc_tta-controls-icon vc_tta-controls-icon-plus\"><\/i><\/a><\/h4><\/div><div class=\"vc_tta-panel-body\"><p style=\"color: #111111;text-align: left\" class=\"vc_custom_heading vc_do_custom_heading\" >Vous pouvez consulter nos offres d'emploi sur la page 'Offre d'emploi' et postuler en ligne. Nous acceptons \u00e9galement les candidatures spontan\u00e9es que vous pouvez envoyer via notre formulaire d\u00e9di\u00e9.<\/p><\/div><\/div><div class=\"vc_tta-panel\" id=\"1678106198919-85e11af9-83777bd2-fc28\" data-vc-content=\".vc_tta-panel-body\"><div class=\"vc_tta-panel-heading\"><h4 class=\"vc_tta-panel-title vc_tta-controls-icon-position-left\"><a href=\"#1678106198919-85e11af9-83777bd2-fc28\" data-vc-accordion data-vc-container=\".vc_tta-container\"><span class=\"vc_tta-title-text\">Quels sont les avantages de travailler chez Mayelia ?<\/span><i class=\"vc_tta-controls-icon vc_tta-controls-icon-plus\"><\/i><\/a><\/h4><\/div><div class=\"vc_tta-panel-body\"><p style=\"color: #111111;text-align: left\" class=\"vc_custom_heading vc_do_custom_heading\" >Nous offrons un environnement de travail stimulant avec des perspectives d'\u00e9volution, une formation continue, une couverture sant\u00e9 \u00e9tendue, et la possibilit\u00e9 de contribuer \u00e0 des projets d'impact en Afrique.<\/p><\/div><\/div><\/div><\/div><\/div><\/div><\/div><\/div><\/div><div class=\"wpb_column vc_column_container vc_col-sm-2\"><div class=\"vc_column-inner\"><div class=\"wpb_wrapper\"><\/div><\/div><\/div><\/div><div class=\"vc_row wpb_row vc_row-fluid\"><div class=\"wpb_column vc_column_container vc_col-sm-12\"><div class=\"vc_column-inner\"><div class=\"wpb_wrapper\"><div class=\"ult-spacer spacer-69dbe59e1905d\" data-id=\"69dbe59e1905d\" data-height=\"100\" data-height-mobile=\"50\" data-height-tab=\"\" data-height-tab-portrait=\"80\" data-height-mobile-landscape=\"50\" style=\"clear:both;display:block;\"><\/div><\/div><\/div><\/div><\/div>\n<\/div>","protected":false},"excerpt":{"rendered":"Foire Aux QuestionsCombien de filiales compte le groupe ?Le groupe compte actuellement 6 filiales actives : Mayelia Automotive, Mayelia Automotive [...]","protected":false},"author":1,"featured_media":0,"parent":0,"menu_order":0,"comment_status":"closed","ping_status":"closed","template":"page.php","meta":{"footnotes":""},"class_list":["post-4948","page","type-page","status-publish","hentry"],"yoast_head":"<!-- This site is optimized with the Yoast SEO plugin v25.7 - https:\/\/yoast.com\/wordpress\/plugins\/seo\/ -->\n<title>F.A.Q - Mayelia Participation<\/title>\n<meta name=\"robots\" content=\"index, follow, max-snippet:-1, max-image-preview:large, max-video-preview:-1\" \/>\n<link rel=\"canonical\" href=\"https:\/\/cict-ci.com\/rhythmv3\/faq\/\" \/>\n<meta property=\"og:locale\" content=\"fr_FR\" \/>\n<meta property=\"og:type\" content=\"article\" \/>\n<meta property=\"og:title\" content=\"F.A.Q - Mayelia Participation\" \/>\n<meta property=\"og:url\" content=\"https:\/\/cict-ci.com\/rhythmv3\/faq\/\" \/>\n<meta property=\"og:site_name\" content=\"Mayelia Participation\" \/>\n<meta property=\"article:modified_time\" content=\"2025-09-03T07:21:15+00:00\" \/>\n<meta name=\"twitter:card\" content=\"summary_large_image\" \/>\n<meta name=\"twitter:label1\" content=\"Dur\u00e9e de lecture estim\u00e9e\" \/>\n\t<meta name=\"twitter:data1\" content=\"2 minutes\" \/>\n<script type=\"application\/ld+json\" class=\"yoast-schema-graph\">{\"@context\":\"https:\/\/schema.org\",\"@graph\":[{\"@type\":\"WebPage\",\"@id\":\"https:\/\/cict-ci.com\/rhythmv3\/faq\/\",\"url\":\"https:\/\/cict-ci.com\/rhythmv3\/faq\/\",\"name\":\"F.A.Q - Mayelia Participation\",\"isPartOf\":{\"@id\":\"https:\/\/cict-ci.com\/rhythmv3\/#website\"},\"datePublished\":\"2025-08-29T06:55:56+00:00\",\"dateModified\":\"2025-09-03T07:21:15+00:00\",\"breadcrumb\":{\"@id\":\"https:\/\/cict-ci.com\/rhythmv3\/faq\/#breadcrumb\"},\"inLanguage\":\"fr-FR\",\"potentialAction\":[{\"@type\":\"ReadAction\",\"target\":[\"https:\/\/cict-ci.com\/rhythmv3\/faq\/\"]}]},{\"@type\":\"BreadcrumbList\",\"@id\":\"https:\/\/cict-ci.com\/rhythmv3\/faq\/#breadcrumb\",\"itemListElement\":[{\"@type\":\"ListItem\",\"position\":1,\"name\":\"Home\",\"item\":\"https:\/\/cict-ci.com\/rhythmv3\/\"},{\"@type\":\"ListItem\",\"position\":2,\"name\":\"F.A.Q\"}]},{\"@type\":\"WebSite\",\"@id\":\"https:\/\/cict-ci.com\/rhythmv3\/#website\",\"url\":\"https:\/\/cict-ci.com\/rhythmv3\/\",\"name\":\"Mayelia Participation\",\"description\":\"Mayelia Participation\",\"potentialAction\":[{\"@type\":\"SearchAction\",\"target\":{\"@type\":\"EntryPoint\",\"urlTemplate\":\"https:\/\/cict-ci.com\/rhythmv3\/?s={search_term_string}\"},\"query-input\":{\"@type\":\"PropertyValueSpecification\",\"valueRequired\":true,\"valueName\":\"search_term_string\"}}],\"inLanguage\":\"fr-FR\"}]}<\/script>\n<!-- \/ Yoast SEO plugin. -->","yoast_head_json":{"title":"F.A.Q - Mayelia Participation","robots":{"index":"index","follow":"follow","max-snippet":"max-snippet:-1","max-image-preview":"max-image-preview:large","max-video-preview":"max-video-preview:-1"},"canonical":"https:\/\/cict-ci.com\/rhythmv3\/faq\/","og_locale":"fr_FR","og_type":"article","og_title":"F.A.Q - Mayelia Participation","og_url":"https:\/\/cict-ci.com\/rhythmv3\/faq\/","og_site_name":"Mayelia Participation","article_modified_time":"2025-09-03T07:21:15+00:00","twitter_card":"summary_large_image","twitter_misc":{"Dur\u00e9e de lecture estim\u00e9e":"2 minutes"},"schema":{"@context":"https:\/\/schema.org","@graph":[{"@type":"WebPage","@id":"https:\/\/cict-ci.com\/rhythmv3\/faq\/","url":"https:\/\/cict-ci.com\/rhythmv3\/faq\/","name":"F.A.Q - Mayelia Participation","isPartOf":{"@id":"https:\/\/cict-ci.com\/rhythmv3\/#website"},"datePublished":"2025-08-29T06:55:56+00:00","dateModified":"2025-09-03T07:21:15+00:00","breadcrumb":{"@id":"https:\/\/cict-ci.com\/rhythmv3\/faq\/#breadcrumb"},"inLanguage":"fr-FR","potentialAction":[{"@type":"ReadAction","target":["https:\/\/cict-ci.com\/rhythmv3\/faq\/"]}]},{"@type":"BreadcrumbList","@id":"https:\/\/cict-ci.com\/rhythmv3\/faq\/#breadcrumb","itemListElement":[{"@type":"ListItem","position":1,"name":"Home","item":"https:\/\/cict-ci.com\/rhythmv3\/"},{"@type":"ListItem","position":2,"name":"F.A.Q"}]},{"@type":"WebSite","@id":"https:\/\/cict-ci.com\/rhythmv3\/#website","url":"https:\/\/cict-ci.com\/rhythmv3\/","name":"Mayelia Participation","description":"Mayelia Participation","potentialAction":[{"@type":"SearchAction","target":{"@type":"EntryPoint","urlTemplate":"https:\/\/cict-ci.com\/rhythmv3\/?s={search_term_string}"},"query-input":{"@type":"PropertyValueSpecification","valueRequired":true,"valueName":"search_term_string"}}],"inLanguage":"fr-FR"}]}},"_links":{"self":[{"href":"https:\/\/cict-ci.com\/rhythmv3\/wp-json\/wp\/v2\/pages\/4948","targetHints":{"allow":["GET"]}}],"collection":[{"href":"https:\/\/cict-ci.com\/rhythmv3\/wp-json\/wp\/v2\/pages"}],"about":[{"href":"https:\/\/cict-ci.com\/rhythmv3\/wp-json\/wp\/v2\/types\/page"}],"author":[{"embeddable":true,"href":"https:\/\/cict-ci.com\/rhythmv3\/wp-json\/wp\/v2\/users\/1"}],"replies":[{"embeddable":true,"href":"https:\/\/cict-ci.com\/rhythmv3\/wp-json\/wp\/v2\/comments?post=4948"}],"version-history":[{"count":7,"href":"https:\/\/cict-ci.com\/rhythmv3\/wp-json\/wp\/v2\/pages\/4948\/revisions"}],"predecessor-version":[{"id":6036,"href":"https:\/\/cict-ci.com\/rhythmv3\/wp-json\/wp\/v2\/pages\/4948\/revisions\/6036"}],"wp:attachment":[{"href":"https:\/\/cict-ci.com\/rhythmv3\/wp-json\/wp\/v2\/media?parent=4948"}],"curies":[{"name":"wp","href":"https:\/\/api.w.org\/{rel}","templated":true}]}}